 + 16 = 2*x - q. What is the remainder when 38 is divided by x?
8
Let u(q) = -q**3 + 9*q**2 + 13*q - 9. Calculate the remainder when 77 is divided by u(10).
14
Let x(k) = k**2 - 11*k - 8. Let c(h) = -h**2 + 7*h - 7. What is the remainder when x(12) is divided by c(5)?
1
Suppose -2*j + 54 = -0*j. Suppose d = -0*d + j. Suppose 0 = 2*t - d + 9. What is the remainder when 16 is divided by t?
7
Let i(j) = 6*j**2 + 2*j - 6. Calculate the remainder when i(2) is divided by 6.
4
Suppose -10*y + 490 = -0*y. Calculate the remainder when y is divided by 20.
9
Suppose -4*s + 4*i = -i - 285, -s = -i - 72. Calculate the remainder when s is divided by 11.
9
Let l(n) be the second derivative of -5*n**3/6 - n**2/2 + 8*n. Suppose 0 = 3*o - 2*o + 2. Calculate the remainder when 17 is divided by l(o).
8
Let r(h) = -h**2 - 2*h + 5. Let a be r(-4). Calculate the remainder when 8/(-4) - (a - 46) is divided by 17.
13
Let u(v) = 2*v**2 + 3*v - 13. Calculate the remainder when u(7) is divided by 36.
34
Let k = 28 - 14. Calculate the remainder when k is divided by 10.
4
Let u(j) = 10*j**2 - j. Calculate the remainder when -1*(-2 - 2)*8 is divided by u(-1).
10
Suppose -515 = 8*v - 3*v. Let l = -68 - v. Calculate the remainder when l is divided by 12.
11
Let t = 15 - -7. What is the remainder when t is divided by 12?
10
Let j = -2 - -7. Suppose 0 = -j*o + 2*o. Suppose -x = 0, 0 = -o*g + 2*g + 3*x - 38. Calculate the remainder when g is divided by 10.
9
Let f(b) = b + 5. Let h be f(-6). Let w = 13 - h. Calculate the remainder when 52 is divided by w.
10
Suppose -3*z + 6*z = 0. Suppose 0 = -z*o + o - 5. What is the remainder when ((-3)/3)/(-1)*o is divided by 3?
2
Let b(c) = 3*c**2 - 8*c + 9. What is the remainder when b(4) is divided by 13?
12
Let k(v) = 7*v**2 - 2*v + 1. Let n = -5 - -7. What is the remainder when k(1) is divided by -1 + (n - 3) + 6?
2
Let g(f) = 2*f**3 + f**2 + f - 3. Calculate the remainder when 94 is divided by g(2).
18
Let o(b) = -b**3 - 5*b**2 - 5*b - 2. Calculate the remainder when 6 is divided by o(-4).
0
Suppose 2*t = 3*p + 115, 2*t + 2*t = 4*p + 232. What is the remainder when t is divided by 20?
19
Let t(y) = -y**3 - 3*y**2 + 3*y + 2. Suppose 9 = 5*u - 6. Calculate the remainder when t(-4) is divided by u.
0
Suppose 5 = -5*j + 15. Suppose d + 3*r = -d + 33, j*d = 2*r + 28. What is the remainder when 28 is divided by d?
13
Suppose -q - 13 = -2*c, 0*q - 104 = 4*q + 5*c. Let d = 33 + q. Calculate the remainder when 22 is divided by d.
10
Let q = -38 + 93. Let d = q - 10. What is the remainder when d is divided by 23?
22
Let t = 54 + -47. What is the remainder when 16 is divided by t?
2
Suppose a = 4*a - 72. Let h = -9 + 13. Let n = 9 + h. What is the remainder when a is divided by n?
11
What is the remainder when 244/7*14/4 is divided by 41?
40
Let y(i) = -i + 1. Let n be y(-2). Suppose n*q - 1 + 0 = -p, 10 = 2*p + 2*q. What is the remainder when p is divided by 2?
1
Let z = -10 + 12. Calculate the remainder when z is divided by 2/(1 + 0 - 0).
0
Let p = -91 + 139. What is the remainder when 287 is divided by p?
47
Calculate the remainder when (71/2)/(16/32) is divided by 12.
11
Suppose -4*g = -2*y - 612, -g - 290 = -3*g + 5*y. Suppose 0 = -4*w - u + g + 13, -47 = -w + u. Calculate the remainder when w/(-1)*(-2)/2 is divided by 15.
13
Let b = -8 + 20. Let f = b - 3. Suppose 14 = 3*s - 1. What is the remainder when f is divided by s?
4
What is the remainder when 3 + 21/3 + 2 is divided by 8?
4
Let f be 2*(-1)/4*-4. Suppose -f*l = -l - 9. Let r = -4 + 29. Calculate the remainder when r is divided by l.
7
Let d be ((-100)/(-36) - 3)*-9. Suppose -d*b - 40 = -4*h, 3*h + 2*b + 1 - 38 = 0. What is the remainder when 19 is divided by h?
8
Calculate the remainder when 64 is divided by (-6)/(-15) + (-146)/(-10) + -2.
12
Let q(u) = u - 1. Let m be q(4). Suppose 0 = 7*j - m*j - 32. What is the remainder when 2/(-2*1)*-14 is divided by j?
6
What is the remainder when 30 is divided by (-114)/(-15) + -7 - 77/(-5)?
14
Suppose 0 = 3*r + k - 14, -k = 5*r - 7 - 19. Suppose 2*y = -2*y + 52. Calculate the remainder when ((-75)/r)/((-5)/10) is divided by y.
12
Let k = 71 + -37. Calculate the remainder when k is divided by 9.
7
Suppose -144 = 4*p - 912. Suppose 5*z - z = p. Suppose -z = -5*j + 2*j. Calculate the remainder when 46 is divided by j.
14
Let o(u) = -u**3 - 9*u**2 - 11*u - 10. Let q be 9/(-2*(-3)/(-4)). Calculate the remainder when (-249)/(-9) - (-4)/q is divided by o(-8).
13
Suppose -2*s = -5 - 3. Suppose s*f - 12 = -4. Suppose f*d + 3*d = 125. What is the remainder when d is divided by 9?
7
Let h = 3 - -7. Calculate the remainder when 37 is divided by h.
7
What is the remainder when (1/(-2))/(1/(-148)) is divided by 28?
18
What is the remainder when 0/(-3) + 18 - 2 is divided by (-2)/(-1)*(3 - 0)?
4
Suppose -5*k - 5*c = 0, 2*k - c = 3*c + 6. Calculate the remainder when (-126)/(-9) - 3*k is divided by 7.
4
Let x(k) = 2*k**2 + 6*k + 7. Suppose c - 48 = -4*p, 5*c - 5*p = 6*c - 47. What is the remainder when c is divided by x(-5)?
25
Suppose -17*v + 15*v + 52 = 0. Calculate the remainder when v is divided by 10.
6
Let t = 114 + -101. Calculate the remainder when 34 is divided by t.
8
Let q(x) = x**3 - 6*x + 2. Let a(p) = -p**2 + 7*p + 8. Let s be a(9). What is the remainder when q(4) is divided by 275/s*(-4)/5?
20
Let p(v) = v**2 - 4. Suppose -3*c = i - 10, 2*c - 4 = -0*c. What is the remainder when 3/(-4) + (-1112)/(-32) is divided by p(i)?
10
Calculate the remainder when (-11)/(22/(-24))*2 is divided by 9.
6
Let d(g) = -g**2 - 11*g - 12. What is the remainder when 30 is divided by d(-6)?
12
Let k = 20 - 10. Calculate the remainder when k is divided by (-63)/(-35)*30/9.
4
Suppose 153 + 130 = j. What is the remainder when j is divided by 26?
23
Let g = 2 + 2. Suppose 4*s = -2*t + 42, 2*s - 26 = -t - t. Let p = s - 5. What is the remainder when g is divided by p?
1
Let f(s) = s**3 + 7*s**2 - 10*s + 3. Let v(a) = -7*a - 1. Let z be (1/3)/((-3)/(-9)). Let p be v(z). What is the remainder when f(p) is divided by 7?
5
Suppose -3*g = 3, 4*u - 4*g - 162 = 2*u. Calculate the remainder when u is divided by 27.
25
Suppose 14 + 77 = s. Let z = 146 - s. What is the remainder when z is divided by 29?
26
Suppose -4*k + 139 = -1. Let a be -7*-10*(-3)/7. Let z = 42 + a. Calculate the remainder when k is divided by z.
11
Let c(j) = 3*j**2 + 5*j + 9. What is the remainder when c(-6) is divided by 15?
12
Let c = 29 - 19. Let v = 2 + c. Calculate the remainder when v is divided by 3.
0
Suppose -b = -8*b + 56. What is the remainder when 70 is divided by b?
6
Let s = 8 + -5. Suppose 0*z + s*z = -3*k + 63, -3*k = -4*z - 42. What is the remainder when k is divided by (4/(-10))/((-3)/75)?
8
Suppose 0 = 4*i + 59 - 259. Calculate the remainder when i is divided by 13.
11
Suppose -6 = -2*j - j. Suppose -3*x = -j*b - 67, -2*b - 43 - 1 = -2*x. What is the remainder when 89 is divided by x?
20
What is the remainder when ((-2)/(-8) + (-78)/(-24))*10 is divided by 9?
8
Calculate the remainder when 53 is divided by ((-34)/4 - -3)*-2.
9
Let t = -81 + 219. What is the remainder when 49 is divided by t/8 + 7/(-28)?
15
Let i = 14 + -9. Suppose 4*y - 3*u = -31, 5*u - u - 40 = i*y. Calculate the remainder when (y/(-6))/(3/63) is divided by 8.
6
Let h = -1 - -1. Let c(m) = m - 30. Let s(u) = -2*u + 61. Let d(o) = -9*c(o) - 4*s(o). What is the remainder when d(h) is divided by 14?
12
Let k(u) = -2*u**3 + 2. What is the remainder when 53 is divided by k(-2)?
17
Let w(h) = h**3 + 2*h**2 + h + 135. What is the remainder when w(0) is divided by 34?
33
Let y(d) = -2*d**3 + 4*d + 3. Let p be y(-2). Let l = p + -6. Suppose 10 = 2*g - 2*a, 8*g - 5*g - 2*a - 18 = 0. Calculate the remainder when g is divided by l.
3
Let n(c) = -c**3 - 17*c**2 + 27. What is the remainder when 73 is divided by n(-17)?
19
Suppose 3*j = 53 - 2. Suppose -467 = -4*k + 333. Suppose -2*s = -6*s + k. Calculate the remainder when s is divided by j.
16
Let m(g) = g - 5. Let b be m(4). Let f(t) = -t. Let p be f(b). Suppose -8 = -v + p. What is the remainder when 26 is divided by v?
8
Let d = 42 - 38. Calculate the remainder when 18 is divided by d.
2
Let d(p) = p**3 - 7*p**2 + 3. What is the remainder when d(7) is divided by 1?
0
Suppose